9*v - 3. What is k(-5)?
152
Let d(v) = -4*v**3 + 443*v**2 + 560*v + 1. Calculate d(112).
1
Let i(l) = l**3 + 4*l**2 - 148*l + 694. Calculate i(8).
278
Let z(h) = 10*h**3 + 1508*h**2 - 276*h + 3905. Give z(-151).
-21
Let y(o) = 14*o**3 + 117*o**2 - 651*o - 56. Give y(6).
3274
Let d(i) = 4*i**3 + 12*i**2 + 13048*i + 39137. Give d(-3).
-7
Let u(h) = -17785*h + 159633. Determine u(9).
-432
Let v(g) = 369*g - 30564. Give v(79).
-1413
Let v(o) = -o**3 + 58*o**2 - 670*o - 358. What is v(17)?
101
Let u(c) = -c**2 - 6215*c - 886067. Give u(-146).
7
Let c(o) = o**2 - 82932*o + 663427. Calculate c(8).
35
Let t(p) = 25342*p - 25372. Determine t(1).
-30
Let d(h) = -2090*h**3 + 4*h**2 + 404*h + 402. Calculate d(-1).
2092
Let f(g) = 2*g**3 - 1120*g**2 + 555*g + 314694. Calculate f(559).
-23
Let p(l) = -499*l**2 - 9489*l - 232. Calculate p(-19).
-80
Let b(p) = -757*p + 138884. Calculate b(185).
-1161
Let x(a) = 2*a**3 + 18*a**2 + 1450*a + 14681. What is x(-10)?
-19
Let j(i) = 2*i**3 + 36*i**2 - 33*i + 107. Give j(-19).
12
Let b(v) = 12*v**3 - 27*v**2 - 442*v + 895. Calculate b(2).
-1
Let t(l) = 93*l**2 + 446*l - 85. Calculate t(-5).
10
Let n(s) = -113824*s - 569089. Give n(-5).
31
Let l(x) = x**2 + 74219*x - 519510. Calculate l(7).
72
Let z(j) = 4*j**2 + 502*j + 8111. Give z(-19).
17
Let i(t) = -t**3 - 19*t**2 - 1000*t - 13744. Give i(-15).
356
Let n(i) = -4*i**3 - i**2 - 79*i - 313. Calculate n(-7).
1563
Let b(q) = -130*q - 18002. Give b(-154).
2018
Let m(b) = -b**3 + 16*b**2 + 972*b - 11348. Determine m(11).
-51
Let m(h) = -8965*h + 1425412. Give m(159).
-23
Let l(b) = -b**2 + 5564*b + 161814. Determine l(-29).
-383
Let o(y) = -114*y**2 + 73302*y + 19. Determine o(643).
19
Let w(j) = j**3 + 10*j**2 + 32*j + 406. Calculate w(-14).
-826
Let o(r) = -r**3 + 15*r**2 - 42*r - 9. What is o(14)?
-401
Let c(t) = -372090*t - 744116. What is c(-2)?
64
Let m(f) = 568*f - 62256. What is m(115)?
3064
Let h(m) = 3*m**2 + 1446*m - 713640. What is h(-785)?
-75
Let x(f) = 5*f**2 + 36*f - 405. Determine x(-19).
716
Let g(r) = -r**3 + 1166*r**2 + 1105*r - 2644563. Determine g(1165).
-13
Let j(s) = s**3 - 32*s**2 + s - 70. Determine j(33).
1052
Let v(h) = h**3 + 122*h**2 - 490*h - 10. Give v(4).
46
Let z(a) = 3*a**3 - 7*a**2 - 2*a - 10. Give z(9).
1592
Let d(t) = t**3 - 84*t**2 - 4780*t + 660. Give d(-39).
-3
Let j(p) = -52843*p - 1532475. What is j(-29)?
-28
Let c(s) = s**3 - 101*s**2 - 27560*s - 961. Give c(-123).
23
Let r(v) = -6*v + 624. Give r(79).
150
Let k(a) = a**2 + 106*a - 103474. Give k(-379).
-7
Let u(w) = -w**2 - 39*w - 139. Calculate u(-21).
239
Let c(a) = -2948*a - 15. What is c(0)?
-15
Let b(c) = -c**3 - 36*c**2 + 720*c + 1631. Determine b(-50).
631
Let k(z) = -230*z - 15822. Determine k(-68).
-182
Let a(n) = -2071*n + 1235. Give a(1).
-836
Let y(d) = -217775*d + 3266560. What is y(15)?
-65
Let p(c) = -c**3 - 340*c**2 - 1027*c - 5395. What is p(-337)?
-3
Let s(o) = 64*o**2 - 505*o - 29. Calculate s(7).
-428
Let z(f) = f**2 - 7*f - 2695. Give z(52).
-355
Let g(z) = 551*z - 58126. Give g(106).
280
Let k(x) = -4*x**2 - 262*x - 4177. Determine k(-49).
-943
Let t(i) = 18*i**2 - 1414*i + 3572. Determine t(76).
76
Let y(a) = -50*a**2 - 6188*a - 4842. Calculate y(-123).
-168
Let g(c) = c**3 - 56*c**2 - 480*c + 2415. What is g(63)?
-42
Let u(a) = -7951*a - 270334. Determine u(-34).
0
Let k(h) = 12*h**2 + 7460*h + 44763. Give k(-6).
435
Let o(n) = 1200*n - 3861. Give o(3).
-261
Let x(f) = -f**2 - 56*f - 156. What is x(-4)?
52
Let h(z) = 14*z**3 - 182*z**2 - 5*z + 48. Give h(13).
-17
Let t(d) = -3*d**3 + 25*d**2 - 7*d + 11. Calculate t(4).
191
Let y(z) = -8*z**3 + 1368*z**2 - 134*z + 22910. Determine y(171).
-4
Let u(g) = -g**3 + 213*g**2 + 383*g + 57200. What is u(216)?
-40
Let w(o) = 16770*o + 783. What is w(0)?
783
Let x(r) = 21855*r - 43636. Give x(2).
74
Let f(l) = l**2 + 107*l + 884. What is f(-92)?
-496
Let c(u) = -8*u**2 + 5004*u - 9992. Give c(2).
-16
Let z(w) = 57*w**2 + 3757*w - 306. Calculate z(-66).
24
Let l(y) = -y**3 - 6*y**2 - 4*y - 496. Calculate l(-19).
4273
Let o(v) = -v**2 - 227*v - 11079. Give o(-154).
163
Let p(x) = 9*x**2 - 328*x + 1895. Give p(8).
-153
Let m(s) = -5*s**2 + 184*s + 130. What is m(33)?
757
Let u(r) = -2*r**3 - 119*r**2 - 100*r - 8493. What is u(-60)?
1107
Let s(c) = -342*c + 21226. Give s(59).
1048
Let q(i) = -820*i + 112265. Give q(137).
-75
Let w(y) = y**3 - 346*y**2 + 975*y + 17723. Calculate w(343).
-799
Let x(h) = -2451*h - 39999. What is x(-18)?
4119
Let d(v) = 53*v**2 - 19767*v - 747. Determine d(373).
-1
Let o(x) = 53160*x - 2232714. What is o(42)?
6
Let t(d) = 4*d**2 - 296*d + 853. Determine t(3).
1
Let c(d) = -58*d**2 + 781*d + 11. Determine c(15).
-1324
Let v(c) = -610*c - 15864. Determine v(-26).
-4
Let b(i) = i**3 - 235*i**2 - 283*i + 11063. Calculate b(236).
-29
Let g(b) = 211*b**2 + 2536*b - 22. Calculate g(-12).
-70
Let a(f) = -1384*f**2 + 7895*f - 4870. Determine a(5).
5
Let v(q) = q**3 - 43*q**2 + 108*q - 384. Give v(40).
-864
Let v(p) = 221392*p + 2878044. Calculate v(-13).
-52
Let c(z) = 8*z**3 + 29*z**2 - 31*z - 139. What is c(-3)?
-1
Let d(g) = 142*g + 2113. Determine d(-24).
-1295
Let w(k) = 8*k**2 - 500*k - 76. What is w(60)?
-1276
Let z(u) = u**3 + 112*u**2 + 3647*u + 18060. Give z(-6).
-6
Let d(u) = u**3 - 56*u**2 + 437*u + 7596. Determine d(41).
298
Let q(w) = -14*w**2 + 354*w - 2200. Determine q(13).
36
Let a(k) = 46*k**2 + 251*k - 104. What is a(-10)?
1986
Let p(y) = -y**3 + 35*y**2 - 176*y - 125. What is p(7)?
15
Let i(g) = -g**3 + 193*g**2 - 7586*g - 586. Determine i(138).
-34
Let k(r) = -r**3 - 42*r**2 + 1324*r + 107. Determine k(-63).
44
Let g(i) = -1985*i - 893229. What is g(-450)?
21
Let b(s) = -s**3 + 43*s**2 - 205*s + 1787. Give b(39).
-124
Let m(y) = 11*y - 427. Determine m(-1).
-438
Let d(a) = 40*a**2 - 227*a - 117. Determine d(12).
2919
Let z(f) = -8*f**3 - 9*f**2 + 4*f + 55. What is z(4)?
-585
Let j(i) = -15*i**2 + 1633*i - 1415. What is j(108)?
-11
Let l(u) = 107*u**3 - 7*u**2 - 12*u - 3. Determine l(-1).
-105
Let r(g) = 2*g**3 + 51*g**2 - 2691*g + 59. Calculate r(26).
-279
Let r(k) = k**3 - 80*k**2 - 320*k - 751. Calculate r(84).
593
Let g(x) = -1598*x - 1903194. Determine g(-1191).
24
Let m(p) = 14*p**3 - 375*p**2 - 98*p + 451. Determine m(27).
-8
Let v(s) = 4*s**3 + 51*s**2 - 84*s - 1443. Give v(-12).
-3
Let c(a) = 2*a**3 - 11*a**2 + 90*a - 273. Determine c(4).
39
Let c(j) = -13*j**2 + 102*j - 22. What is c(8)?
-38
Let n(x) = -2*x**2 + 3873*x + 210882. What is n(-53)?
-5
Let o(l) = -3*l**2 + 1219*l + 37508. Calculate o(435).
98
Let d(q) = -1352*q - 94670. Determine d(-70).
-30
Let i(l) = l**3 - 160*l**2 + 24*l + 750. Calculate i(160).
4590
Let m(b) = 7550*b - 28061. Give m(4).
2139
Let h(s) = -s**2 - 8955*s - 621949. Give h(-70).
1
Let t(y) = 91*y**2 - 28668*y - 57714. Determine t(-2).
-14
Let x(i) = 8*i - 1006. Calculate x(11).
-918
Let c(r) = -5*r**2 + 199*r - 20. Determine c(13).
1722
Let a(q) = -q**2 + 195*q + 16205. Calculate a(258).
-49
Let k(s) = s**2 - 550*s + 3255. Calculate k(6).
-9
Let a(r) = -48612*r - 243000. What is a(-5)?
60
Let b(u) = -31*u**3 - 116*u**2 + 12*u + 16. Calculate b(-5).
931
Let n(u) = -296*u - 2352. Calculate n(-7).
-280
Let z(c) = -5*c**2 + 77*c - 538. What is z(0)?
-538
Let r(h) = 4*h**2 - 465*h - 81210. Give r(212).
-14
Let x(k) = 35148*k + 351445. Calculate x(-10).
-35
Let f(d) = -2*d**3 - 129*d**2 - 365*d - 3548. Give f(-62).
-138
Let a(c) = -c**3 + 120*c**2 - 449*c - 592. Determine a(116).
1148
Let u(y) = y**2 + 198*y - 12096. Calculate u(49).
7
Let y(p) = -p**2 - 280*p - 5863. Calculate y(-21).
-424
Let o(g) = -2*g**3 - 30*g**2 + 796*g + 12253. Calculate o(-19).
17
Let b(x) = -61*x**2 - 3143*x + 3144. Give b(1).
-60
Let f(i) = 2*i**2 - 902*i - 22599. Calculate f(-24).
201
Let m(u) = u**2 - 5404*u + 59347. Give m(11).
24
Let t(r) = -41*r**2 + 1290*r - 1234. What is t(1)?
15
Let w(j) = -9*j**2 + 524*j - 309. What is w(58)?
-193
Let j(d) = 1337*d + 25934. Calculate j(-21).
-2143
Let r(n) = 198*n - 3848. Calculate r(18).
-284
Let d(a) = -907*a**2 - 19954*a - 20. Determine d(-22).
-20
Let t(o) = -38*o**3 - 34388*o**2 + 1817*o + 6330. Determine t(-905).
-5
Let s(k) = -12*k**2 - 431*k - 3974. Calculate s(-16).
-150
Let z(i) = 5784*i - 2909352. Determine z(